 - 5*p = -0*d + 445. What are the prime factors of d?
2, 5, 23
Suppose 9*z = 8*z + 7. Suppose -116 = -5*h + h. Let p = h + z. What are the prime factors of p?
2, 3
Let g = 501 - -59. What are the prime factors of g?
2, 5, 7
Let o = 10 - 5. Let f be 0/o + 2/(-2). What are the prime factors of 1 + -1 + (22 - f)?
23
What are the prime factors of -11 - -16 - (8 - 3)*-227?
2, 3, 5, 19
Let g = 262 - 232. Suppose 0 = -o - 0*o + 2. Suppose -o*d - 3*d - 118 = -4*n, -n = -d - g. What are the prime factors of n?
2
Suppose 2*r - 1131 = 371. What are the prime factors of r?
751
Suppose 363*u - 149204 = 319*u. What are the prime factors of u?
3391
Suppose 5*f + 2 = 2. Suppose -3*h + f*h - 4*u + 113 = 0, 3*h - 145 = 4*u. What are the prime factors of h?
43
Let b be (324/(-10))/(1/5). Let a = b - -237. List the prime factors of a.
3, 5
Let t(p) = 45*p**3 + p**2 - p. Let i(j) = j**3 - 13*j**2 - j + 14. Let n be i(13). List the prime factors of t(n).
3, 5
Let s be ((-40)/(-15))/(2/3). Suppose 0 = s*d + j - 864, -2*j + 4 = 3*d - 644. What are the prime factors of (d/(-45))/((-2)/15)?
2, 3
List the prime factors of 3135/9 + 6/9.
349
List the prime factors of (-414420)/(-144) + (-4)/(-48).
2, 1439
Suppose -2*i = -5*i - 24. Let b = 1 + 1. List the prime factors of ((-38)/i)/(b/8).
19
What are the prime factors of ((-174)/(-609))/((-4)/(-18158))?
1297
Let j(c) = 2*c**3 - 25*c**2 + 108*c - 3. What are the prime factors of j(14)?
3, 233
Suppose 4*c - 3*n = 279, -3*c + 0*c + n = -213. Suppose -i - 7 = -c. Suppose 0 = -h - 5*t + i, 197 = 6*h - 2*h - t. What are the prime factors of h?
2, 5
Let s be 12/(-102) + (-903)/(-17). Suppose -o + 130 = s. What are the prime factors of o?
7, 11
What are the prime factors of ((-84)/(-10))/(69/115)?
2, 7
Suppose -4 + 10 = 3*m. Let q(k) = 7 + m*k**2 + 3*k + 7*k + 2. What are the prime factors of q(-6)?
3, 7
Suppose -6*g + 125 = -g. Suppose b - 3*v + 2*v = g, 0 = 2*v + 2. What are the prime factors of b?
2, 3
What are the prime factors of (1877 - -137) + 1*-6?
2, 251
Suppose 0 = 3*v - 4*a - 650, 3*v - 183 = -2*a + 473. What are the prime factors of v?
2, 109
Let z be (-30)/(-14) - 2/14 - -3. Suppose 473 = z*n - 2*x - 125, 596 = 5*n - 4*x. List the prime factors of n.
2, 3, 5
Suppose 0 = 5*s + 12 - 62. Let b(j) = j**3 - 10*j**2 + 4*j - 3. What are the prime factors of b(s)?
37
Let f = -210 + 605. List the prime factors of f.
5, 79
Let j = -56 - -87. List the prime factors of j.
31
Let l = -1 + 9. Let m be (l/10)/(10/25). Suppose 5*k = m + 8. What are the prime factors of k?
2
Let n(m) = 15*m + 221. List the prime factors of n(16).
461
Let l(u) = 4*u**2 + u - 6. What are the prime factors of l(-8)?
2, 11
Suppose 0 = -4*y + 5 - 1. Let p be (-4 - -6)*(-2 + y). Let b = 3 - p. List the prime factors of b.
5
Let z(f) = 61*f + 6. Let m be z(2). Let x = -76 + m. List the prime factors of x.
2, 13
Let r be (917/(-14))/(2/(-4)). Let o = 3 + 0. Suppose 4*g + o*n + 0*n - r = 0, -4*g = -2*n - 106. List the prime factors of g.
29
Suppose -31*c = -32*c + 1172. What are the prime factors of c?
2, 293
Let n(o) = 3*o**3 + 13*o**2 + 8*o - 4. Let g be n(-5). List the prime factors of 115/46*g/(-5).
47
Suppose -818 = -5*h + 232. List the prime factors of h.
2, 3, 5, 7
Suppose -6*v - 61 + 7 = 0. Let b(x) = x**3 + 9*x**2 - 12*x + 10. What are the prime factors of b(v)?
2, 59
Suppose -4*k = c + 16, -23 = -2*c + 3*k - 0*k. List the prime factors of (c/5)/(4/130).
2, 13
Let d(l) be the first derivative of l**4/4 - l**3 + 8*l**2 + 14*l - 11. List the prime factors of d(6).
2, 109
Suppose -3*u = 4*v - 1216, 5*v - 489 = -4*u + 1133. List the prime factors of u.
2, 3, 17
Suppose -22*v - 2*v = -26088. List the prime factors of v.
1087
Let p(m) = -58*m - 1. Let u be p(2). Let d = u - -215. List the prime factors of d.
2, 7
Let z be (-4)/2 + 226/(-2). Let m = z + 247. What are the prime factors of (-2 + 0)/((-8)/m)?
3, 11
Suppose 8*r = 13*r. Suppose 5*w - 395 = -r*w. What are the prime factors of w?
79
Let h(n) = n**3 - 10*n**2 - 53*n - 18. What are the prime factors of h(18)?
2, 3, 5
Suppose -b - 5 = 1. Let l(w) = w**3 + 5*w**2 - 12*w - 10. List the prime factors of l(b).
2, 13
Let l(k) = k**3 - 7*k**2 - 3*k + 21. Let n be l(7). Suppose -t - 7*r + 5*r + 201 = n, 0 = 2*t + r - 390. What are the prime factors of t?
193
Let t = 19 - 19. Suppose t = 3*h - 5*j + j - 51, 3*h = -j + 36. Let q = 18 - h. List the prime factors of q.
5
Let i(k) be the first derivative of 4*k**2 + 9*k - 35. List the prime factors of i(13).
113
Let i = -9 + 32. Suppose 8*p - i - 121 = 0. What are the prime factors of p?
2, 3
Suppose 0 = -129*r + 205*r - 373996. What are the prime factors of r?
7, 19, 37
Let k(d) = 7*d + 1156. What are the prime factors of k(0)?
2, 17
Let v(h) = h**2 + 11*h + 22. Let p be v(-9). Suppose p*c - 425 = -c. List the prime factors of c.
5, 17
Let i(v) = v - 3. Let j be 12/(-16)*(-7 - 1). Let s be i(j). Suppose -f + 22 = -s. What are the prime factors of f?
5
Suppose -3*k - 5*d + 301 = 0, -5*k - d - 2*d + 475 = 0. Let n = 42 - 39. Suppose -k = -v - n*v. What are the prime factors of v?
23
Let l(n) = n**3 + 9*n**2 + 5*n - 9. Suppose 13*d - 9*d + 32 = 0. Let t be l(d). Suppose -t*q + 16*q - 30 = 0. What are the prime factors of q?
2, 3, 5
Suppose -8*d + 5*d + n = -7833, 5*d - 5*n - 13055 = 0. List the prime factors of d.
7, 373
Let g(s) = -s**2 - 6*s - 10. Let z be g(-5). Let y be (-40 + 0)/(z/5). What are the prime factors of y + -1 - (-6 - -3)?
2, 3, 7
Let v = 82 + -39. Suppose 26 = b - v. Suppose 225 - b = 4*a. What are the prime factors of a?
3, 13
Suppose -v + 10 = v, -25 = -5*m - v. Let j = m - 1. Suppose 0*w - t + 25 = j*w, -w = -3*t - 15. List the prime factors of w.
3
Let x(v) be the first derivative of -5*v**2/2 + 78*v + 21. What are the prime factors of x(0)?
2, 3, 13
Let t(g) = 15*g + 27. Let i be (66/198)/(-1 - (-13)/12). List the prime factors of t(i).
3, 29
Suppose -40547 = -1197*b + 1184*b. What are the prime factors of b?
3119
Suppose -182 = -137*x + 136*x. What are the prime factors of x?
2, 7, 13
Suppose 3*b + 42 = 4*h, 3*h + 2*h - 5*b = 50. List the prime factors of ((-536)/h)/(4/(-6)).
67
Suppose -3*x + 3133 + 10827 = -4*i, 3*x = -3*i + 13974. What are the prime factors of x?
2, 3, 97
Let c(k) = -k**3 - k**2 + 2*k - 1. Let p be c(-6). Suppose 0 = 9*d - 518 + p. List the prime factors of d.
3, 13
Suppose 5*n + y = -y - 7, 0 = 4*n - 3*y + 1. Let q be (4/n)/(-8 - -9). What are the prime factors of q*(1 - (-12)/(-4))?
2
Let d be 24/13 - 2/(-13). Suppose d*g - 4*p - 14 = 0, 5*g - 81 = 4*p - 16. Let k = g + -10. What are the prime factors of k?
7
Let l = 14 - -14. Let t = -3 + l. Suppose -u = h - t, 0*h = 2*h - 5*u - 57. List the prime factors of h.
2, 13
Suppose 4*f = 2*u + 8, -3*u - 3*f = 2*f - 32. Suppose 5*b + 5*j = 530, u*b - 419 = -0*j - 5*j. What are the prime factors of b?
3, 37
Let h(l) be the second derivative of -l**3/6 - 6*l**2 + 3*l. Let u(t) = t + 24. Let d(r) = -5*h(r) - 3*u(r). List the prime factors of d(10).
2
Let y = -1 + 4. Let r = y - 3. Let t = r - -26. What are the prime factors of t?
2, 13
Let d be 4*(-2)/(-4) - 14. Let o be (-1)/(3/d + 0). Suppose 5*i = -v + 37, -o*i - 2*v = 2*v - 36. What are the prime factors of i?
7
Let f(g) = -3*g - 10. Let l be f(-4). Let s be (-3)/((-12)/16) - l. Suppose s*a - 14 = 4*x + 14, 4*a = 4*x + 52. What are the prime factors of a?
2, 3
Let h(j) = -j**2 - 5*j + 12. Let i(f) = 4*f - 4. Let z be i(-1). Let l be h(z). Let b(x) = x**2 + 9*x + 21. What are the prime factors of b(l)?
3, 19
What are the prime factors of (-3)/12*6*2 - -457?
2, 227
Let j(l) = l**3 - l**2 - l + 182. Let w be j(0). Let y = -107 + w. List the prime factors of y.
3, 5
Let i = -332 + 1252. List the prime factors of i.
2, 5, 23
Suppose 2*a = -2*a. Suppose -29 = -a*s - s. List the prime factors of s.
29
Let r = -1555 + 2341. What are the prime factors of r?
2, 3, 131
List the prime factors of (-252392)/42*((-15)/20 + 0).
4507
Suppose 3*n = 5*m + 310, -m + 4*n = 7*n + 44. Let y = -20 - m. What are the prime factors of y?
3, 13
Suppose 7672 = 7*n - 5292. What are the prime factors of n?
2, 463
Let u be 9 - (2 + 0) - 3. Suppose 2*i = y + 67, 53 = 2*i + y - u. List the prime factors of i.
31
Let w = -2979 - -4200. What are the prime 